me factors of p?
2, 83
Let s be -10*-6*(-4)/30. What are the prime factors of 2 + (-4)/2 - s?
2
Suppose 4*o = -s + 11, 5*s - 2*o - 23 = -6*o. Suppose 4*w - z - 11 = -6*z, 0 = -2*w + s*z + 11. Suppose w*d = 22 + 18. What are the prime factors of d?
2, 5
Suppose -285 = 12*m - 15*m. What are the prime factors of m?
5, 19
Suppose 3*l = -5*j + 172 + 166, 0 = -4*j - 8. List the prime factors of l.
2, 29
Let r = 102 + -17. What are the prime factors of r?
5, 17
Let b = -48 + 56. What are the prime factors of b?
2
Let z(p) = -p + 6. Let b be z(5). Suppose -5*n + 5*r - 10 = 0, 0 = -3*n + 4*r - 2*r - 3. Let h = n + b. List the prime factors of h.
2
Suppose 0*i - 300 = -4*i. Suppose -m + 17 = 2*x - 7*x, i = 3*m - 3*x. What are the prime factors of m?
3
Let p(b) = 2*b + 2. Let k be p(-7). Let o be (20/(-3))/(8/k). Let t = o - -3. List the prime factors of t.
13
Let y(v) = 4*v + 7. Let t be y(-7). Let p = t + 56. Suppose -p = -5*x + 5*n, -5*x + 4*n = -11 - 24. What are the prime factors of x?
7
Suppose -2 = -v + 9. List the prime factors of v.
11
What are the prime factors of 4 + -3 + -1 + 114 + -2?
2, 7
Suppose 5*q = 5*g - 795, -5*g + 2*q = -0*g - 789. List the prime factors of g.
157
Let i(h) = -h**2 + 8. Let o be i(-6). Let x = -16 - o. List the prime factors of x.
2, 3
What are the prime factors of (1/1 - -3)*30/4?
2, 3, 5
Suppose 5*v = 3*v - 86. Let w = v - -65. What are the prime factors of w?
2, 11
Let q(d) = 2*d**2 - 3*d - 4. Let o be q(3). Suppose 2*p + 7 = -3*z + 3*p, z - p = -3. List the prime factors of z/o*-1*20.
2
Let j be 8/(-6)*(-45)/(-10). Let h = j - 24. List the prime factors of 1/(1 + h/33).
11
Suppose 33 = -9*s + 12*s. List the prime factors of s.
11
Let z = -95 + 172. List the prime factors of z.
7, 11
Let o(m) = m + 1. Let l(t) = t**2 + 2*t - 4. Let p be l(-4). Let u be o(p). Suppose 3*h = -3*q + 9, 2*h - u*q + 3 = 30. List the prime factors of h.
2, 3
Suppose -4*k - k = -215. List the prime factors of k.
43
Let g(x) = -x**3 + 6*x**2 - 8*x + 12. Let p be g(5). What are the prime factors of p/(-2)*8 + 2?
2, 7
Suppose q - 3*q + 252 = 0. Suppose 4*o + 82 = 4*i - q, 2*o - 214 = -4*i. Suppose -3*n + 75 = 2*n - 5*s, 3*n + 5*s - i = 0. What are the prime factors of n?
2
Suppose o - 65 = -5*c - 4*o, 0 = -2*c + 3*o + 21. List the prime factors of c.
2, 3
Let r(m) = 2*m**2 - 4*m + 2. Let d be r(2). Suppose 3*x - s - 5 = 0, -3*x + s - d*s + 7 = 0. Let c = x + 9. List the prime factors of c.
11
Let g(j) be the second derivative of 2*j + 5/3*j**3 - 1/2*j**2 + 0. What are the prime factors of g(1)?
3
Suppose -10*w + 7*w + 237 = 0. What are the prime factors of w?
79
Let h be 24/(-6) - (78 + 0). What are the prime factors of 1/((-1 + -1)/h)?
41
Suppose 0 = -3*a + 8*a - 4*w - 235, 0 = -3*w. List the prime factors of a.
47
Suppose 4*u - 597 = 1059. What are the prime factors of u?
2, 3, 23
Let t(b) = -b**2 + 10*b + 4. Let z be t(10). Suppose 0 = -z*p + 4*s + 40, 3*s = -3*p + 2*s + 46. What are the prime factors of p?
2, 7
Let s be 38/(-14) - 2/7. Let i = -7 - s. What are the prime factors of (-3)/(-1*(-6)/i)?
2
Suppose -n + 56 = -4. Suppose 2*d - 18 = n. List the prime factors of (d/6)/(3/6).
13
Let x(c) = c**3 - 13*c**2 + 14*c - 15. List the prime factors of x(12).
3
Suppose 4*z - 2 = 58. List the prime factors of z.
3, 5
Let p be ((-5)/2 + 3)*6. Suppose -2*m = -13 - p. List the prime factors of m.
2
Let d(b) = -b + 1. Suppose -5*n + h = -h - 5, 0 = -3*n + 3*h - 6. Suppose -7*f + 3*f = 0, 0 = -3*g + n*f - 3. What are the prime factors of d(g)?
2
Let g(p) be the second derivative of p**4/12 - 5*p**3/3 + 2*p. Let o be g(10). List the prime factors of o*(-2)/6 + 9.
3
Suppose -6*r + 10 = -r. Let f be (3 + 0)*(-24)/(-18). Suppose -g = -r, f*g = -2*n + g + 22. What are the prime factors of n?
2
Suppose 4*w + g = 597, -w + 4*g = -g - 165. What are the prime factors of w?
2, 3, 5
Suppose -3*c + 4*a = -199 + 35, 2*c = 5*a + 114. What are the prime factors of c?
2, 13
Suppose -8*v + 141 = -5*v. What are the prime factors of v?
47
Suppose -r + 4 = 4*u - 15, 26 = u - 4*r. Suppose -u*c = -4*c - 2. Suppose g + c = t + 8, 5*g = -4*t + 8. List the prime factors of g.
2
Suppose -4*f + 9 = -3. Suppose 0 + 2 = 4*o + f*q, -3*o - 2 = 4*q. What are the prime factors of o?
2
Let j = 2 + 0. Suppose -3*s + j*y + 12 = s, 3*y + 8 = 4*s. Suppose -5*v + 27 = 4*z, 0*v = s*v - 15. What are the prime factors of z?
3
Let s = 4 - 9. Let a = 10 + s. Suppose -3*o + a = -34. List the prime factors of o.
13
Suppose -244 = -3*y - 0*c - 2*c, -y = -3*c - 96. What are the prime factors of y?
2, 3, 7
Let r = -1255 + 495. Let t be ((-1)/2)/(5/r). Suppose -4*c + 3*y - 26 = -78, 0 = 4*c + 3*y - t. List the prime factors of c.
2
Let g(n) = n**3 + n**2 - 2*n - 1. Let c be g(3). Suppose -c = -2*w - w - q, 0 = w + 2*q - 18. List the prime factors of w.
2
Let f(s) = s**3 + 3*s**2 - 3*s + 1. Let c(g) = g - 10. Let t be c(7). What are the prime factors of f(t)?
2, 5
Let l(c) = -c**2 - 2*c + 3. Let d be l(-3). Suppose -z + d = -6. List the prime factors of z.
2, 3
Let w = 159 - 101. What are the prime factors of w?
2, 29
Let u = 52 - 7. Suppose 4*c + c = u. What are the prime factors of c + -3*(-2)/6?
2, 5
Suppose -2 = r + 4. Let s be (9/r)/(-3)*24. Let t = -6 + s. List the prime factors of t.
2, 3
Let x be (3 - -11)/(-3 - -1). Let g = -5 - x. List the prime factors of g.
2
Suppose -3*y + 4*y = -2*c + 6, 0 = 4*y - 2*c - 64. Let v(z) = -z + 6. Let x be v(0). List the prime factors of (0 - -3)*y/x.
7
Suppose -9*r = f - 14*r - 246, 1167 = 5*f - 4*r. List the prime factors of f.
3, 7, 11
Let a = -8 + 10. List the prime factors of -1 + (-32 - a)/(-2).
2
Suppose 0*a = -4*o - 3*a + 71, 4*o = 3*a + 65. Let f = -14 + o. List the prime factors of f.
3
Let t be -5*4*2/(-10). Let w = -6 + t. What are the prime factors of 7 + 1*w/(-2)?
2
Let l(w) = w - 2. Let v be 3/(9/(-6)) - -17. What are the prime factors of l(v)?
13
Let z(u) = u**3 + 8*u**2 + 6*u - 5. Let d be z(-5). Let j be d/6*(-6)/4. List the prime factors of (j/(-7))/(2/14).
2, 5
Suppose 656 = -22*b + 3604. What are the prime factors of b?
2, 67
Let a = 34 + -26. What are the prime factors of a?
2
What are the prime factors of (-3)/(-9) - 3542/(-21)?
13
Suppose -3*w + 710 = 4*m, 796 + 160 = 4*w - 4*m. What are the prime factors of w?
2, 7, 17
Let w(x) = x**2 + 11*x - 8. Let s be w(-12). Suppose -l + s*l - 102 = 0. What are the prime factors of l?
2, 17
Suppose 6*p = 2*p + 104. Let d = p - 22. What are the prime factors of d?
2
Suppose -3*r = -2*u - 13, u = -2*r - 6 + 3. Suppose -p + 3 = r. Suppose j = 3*v - 42, -p*j + 7*j - 45 = -2*v. What are the prime factors of v?
3, 5
Suppose -s + 8*s - 602 = 0. What are the prime factors of s?
2, 43
Let z = -14 - -6. Let q = z + 14. List the prime factors of q.
2, 3
Let x(o) = o + 2. Let m be x(-4). Let t be (-71)/m - (-1)/(-2). Suppose 3*r + 2*r - t = 0. What are the prime factors of r?
7
Suppose 0 = -t + h - 0 + 8, -5*t = 3*h - 8. Suppose t*i + 3*v = 50, 0 = -5*i - v + 81 - 13. Suppose k + i = 3*k. What are the prime factors of k?
7
Let d(n) = n + 11. List the prime factors of d(-7).
2
Let v = 421 + -292. What are the prime factors of v?
3, 43
Let z be 5/(-3) - (-2)/(-6). Let a be (3/2)/(z/(-12)). Let w(y) = y - 2. What are the prime factors of w(a)?
7
Suppose -4*w + 64 = 3*m - 47, -2*w = -2*m + 60. What are the prime factors of m?
3, 11
Let n be ((-9)/(-6))/3*-36. Let d = -9 - n. What are the prime factors of d?
3
Suppose 0*p - 5*p + 15 = 0. What are the prime factors of (p/(-6))/((-1)/22)?
11
Suppose -673 + 82 = -5*r - s, 4*s - 4 = 0. Suppose -3*j - 2*j + 3*g + r = 0, 0 = -3*j - 3*g + 90. What are the prime factors of j?
2, 13
Let n(p) = p. Let f be n(-6). List the prime factors of 168/9 + f/9.
2, 3
Let w be 0 - 8/(-4) - -3. Suppose -5*d = -w*x - 100, 2*d + 2*x - 39 = 5. List the prime factors of d.
3, 7
Let a = -24 - -111. List the prime factors of a.
3, 29
Suppose -2*l = -y + 4, -2*y + 4 + 4 = 3*l. What are the prime factors of y?
2
Let k = -2 + 5. Let g(d) = 10*d**2 - k*d + 4*d + 5 - 6. What are the prime factors of g(1)?
2, 5
Let c(u) = -u - 2. Let z be c(0). Let t = z - -7. What are the prime factors of t?
5
Suppose -3*m = 4*a - 8, 2*a = 4*m - 2*a + 8. Suppose m = -4*s + 2 + 2. What are the prime factors